ors of c.
2, 19, 139
Suppose 3*f = 4*f - 1. Let l be f/((25/745)/5). Suppose -2*w + l = -5*s, 4*s = -w + 42 - 0. List the prime factors of w.
2, 31
Let v be (2 - ((0 - 0) + -1)) + 2. Suppose n = 4*t + 163, -2*t + v*t - 15 = 0. Suppose -4*l = -n - 173. What are the prime factors of l?
89
Let a(c) be the third derivative of 17*c**4/4 - 5*c**3/2 - c**2 + 16. Let h be a(6). Suppose 0 = 3*z - h + 174. List the prime factors of z.
3, 47
Let y(h) = -6 - 2*h - 1 - 1 - 8. Let t be y(-11). List the prime factors of (-180)/t*(-1 + -1).
2, 3, 5
Let l(i) = 6*i**3 + i - 2. Let n = -2 + 3. Let b be l(n). Suppose 80 - b = 3*m. What are the prime factors of m?
5
Let x be ((4 - 1)/9)/(3/27). Let l(q) = -6*q**3 + q**2 + q + 1. Let o(v) = 7*v**3 - v**2 - 2*v. Let s(n) = x*o(n) + 2*l(n). What are the prime factors of s(3)?
2, 7
Suppose -5*n - 198 = -a, -173 = -2*a + 3*n + 188. Let v = 154 + a. What are the prime factors of v?
3, 109
Suppose 47*a - 42207 = 59749 + 268404. List the prime factors of a.
2, 5, 197
Let g(n) = 2*n**3 + 11*n**2 - 7*n - 1. Let m be g(-6). Suppose -5*y = m*x - 1299 - 1, 3*y + 4*x = 778. List the prime factors of y.
2, 131
Suppose 0 = 287*n - 12*n - 4165700. List the prime factors of n.
2, 7, 541
Suppose 2*q + 3*g = 3340 + 3831, -3558 = -q + 4*g. Suppose -q = -26*u + 3416. List the prime factors of u.
269
Suppose 5*b - 2*o - 56554 = 0, -73*b + 3*o = -77*b + 45234. List the prime factors of b.
2, 3, 5, 13, 29
Let u = -73 - -93. Suppose -11 = i - u. Suppose i*j - 16*j = -1008. What are the prime factors of j?
2, 3
Let g(l) = 99*l**3 + 4*l**2 - 7*l - 3. Suppose 12*r - 20 = 2*r. What are the prime factors of g(r)?
7, 113
What are the prime factors of (-2 - -15224) + 35*(-10)/(-50)?
97, 157
Let l(u) = u**2 - 4*u - 9. Let c be l(6). Let m be (74/4 + 3)*(c + 1). Let v = m + -43. What are the prime factors of v?
43
Let g(c) = 29*c + 15. Let h be g(29). Let u = -570 + h. List the prime factors of u.
2, 11, 13
Suppose -s = h - 6, -2*h - 6 = -5*s + 3. Suppose -538 = -h*m + 32. Suppose 3*w = 3*u + 2*u + m, 0 = 5*w + 3*u - 362. What are the prime factors of w?
2, 5, 7
Suppose 11*a + 56820 = 41*a. List the prime factors of a.
2, 947
Let m(j) = 947*j**2 - 2*j + 24. What are the prime factors of m(5)?
23689
Let i = 15920 - 4102. List the prime factors of i.
2, 19, 311
Suppose 66419 = 16*c - 46381. Suppose 112*x - c = 106*x. List the prime factors of x.
5, 47
Let g = 29059 - 4253. List the prime factors of g.
2, 79, 157
Let q = -473 + 474. What are the prime factors of 3/(-3) + 847*(2 - q)?
2, 3, 47
Let o(c) be the first derivative of c**3/3 + 13*c**2/2 + 62*c + 73. List the prime factors of o(-21).
2, 5, 23
Suppose 156719 = -28*f + 662315. What are the prime factors of f?
3, 13, 463
Suppose 0 = 2*m - 2*a - 7408, 90*m = 86*m + 3*a + 14810. What are the prime factors of m?
2, 43
Let k(q) = 1209*q**2 + 128*q - 383. List the prime factors of k(3).
2, 5441
What are the prime factors of -6 + 18 + (-60)/4 + (-17200)/(-2)?
8597
Let g(p) be the third derivative of -p**5/60 - p**4 - 8*p**3/3 + 24*p**2. Let l be g(-22). Suppose -18 = 26*a - l*a. What are the prime factors of a?
3
Let z be ((-4)/(-6))/(8/(-12)). Let b(x) be the first derivative of -107*x**4/4 - 2*x**3/3 - x**2 - x - 2. List the prime factors of b(z).
2, 53
Let m(q) = 8461*q**2 - 84*q - 15. What are the prime factors of m(2)?
41, 821
Let l(k) = 644*k**3 - 11*k - 7. List the prime factors of l(4).
5, 8233
Let v(f) = 23*f + 29. Let m be 0/(20/5) - -5. What are the prime factors of v(m)?
2, 3
Let y = 23 - -12. Suppose 3*v - 71 = -y. What are the prime factors of (-3194)/(-16) + v/32?
2, 5
Let o(l) = 115*l + 131. Let u be o(35). Suppose 0 = -5*k + p + u, 3257 + 87 = 4*k + 4*p. What are the prime factors of k?
2, 13
Suppose 0 = -15*s + 16*s - 3*k - 10975, -4*k = 5*s - 54913. What are the prime factors of s?
79, 139
Suppose 63*a - 68*a - 2*b + 79668 = 0, -4*a - 5*b + 63731 = 0. List the prime factors of a.
2, 31, 257
Suppose -14*l - 6 = -17*l. What are the prime factors of (-220 + l)/((-6)/27)?
3, 109
Suppose 3*x = 5*u - 116929 - 8289, -2*u + 50100 = 2*x. What are the prime factors of u?
2, 7, 1789
Let x(y) = 21*y - 123. Let f be x(-11). Let n = 59 - f. What are the prime factors of n?
7, 59
Let b = -35 - -38. Let y(a) = 5*a**3 - 6*a - 15. List the prime factors of y(b).
2, 3, 17
Suppose -4*l + 397*m = 392*m - 163428, 2*l + 4*m = 81740. What are the prime factors of l?
2, 20431
Let l(v) = 9*v**2 + 7*v - 7. Let p(j) = -3*j - 59. Let f(a) = 3*a + 60. Let y(o) = -5*f(o) - 6*p(o). Let c be y(-17). List the prime factors of l(c).
5, 19
Suppose 53 = -5*y + 2*v, 0*y + 4*y + 41 = 3*v. Let b(d) = d**2 - 10*d - 3. What are the prime factors of b(y)?
2, 3, 19
Let m be ((-564)/4 + -9)*-5. Let q = m + -446. List the prime factors of q.
2, 19
Suppose 2*c - 145 = -23. Suppose -c*q + 16406 + 34407 = 0. List the prime factors of q.
7, 17
Suppose v - 2*w + 1 = 0, 10*w - 6*w + 3 = 3*v. Suppose 8*u = -v*l + 3*u + 445, -u + 341 = 4*l. List the prime factors of l.
2, 3, 7
List the prime factors of -11 + 23758*((-78)/12 + 7).
2, 3, 23, 43
Let u(a) = -139*a + 32. Let l(o) = 46*o - 11. Let g(n) = -11*l(n) - 4*u(n). Let b be g(11). Let j = -332 + b. List the prime factors of j.
211
Suppose 37*l - 4203839 = -62*l + 28*l. What are the prime factors of l?
59209
Let j = -4 - -4. Suppose -5*t - 2*d - 800 = 86, -t + 5*d - 188 = j. Let q = -91 - t. List the prime factors of q.
3, 29
Let m(s) = 8*s**3 + 11*s**2 + 16*s + 48. Let q(y) = 2*y**3 + y. Let u(h) = -m(h) - 3*q(h). What are the prime factors of u(-5)?
2, 761
Suppose -4*m = -m - 21. Suppose 0 = m*k - 5 - 23. Suppose -k*i + 209 = 2*l - 233, 5*l - 1157 = 3*i. List the prime factors of l.
229
Let o be ((-935)/34)/(2/(-44)). Suppose o = 2*t - 97. List the prime factors of t.
3, 13
Let c(y) = -185*y - 183*y + 13 + 783*y - 197*y - 194*y. Let d = -3 - -5. What are the prime factors of c(d)?
61
Let y(w) = -4*w + 141. Let g be 2/(10/3) - 511/35. List the prime factors of y(g).
197
Let z(y) = -23*y**3 + y**2 - y + 1. Let q(a) = -a**3 - 26*a**2 - 26*a - 27. Let w be q(-25). List the prime factors of z(w).
191
Let h = 11 + 229. Suppose 2*o - h = -4*j, 460 = 4*o - j - j. Suppose -3*i + i = 5*b - 596, 0 = b + 2*i - o. List the prime factors of b.
2, 3, 5
Suppose 4*c + 4*j = 6164, -3*c + 27*j - 29*j = -4622. Let p = -607 + c. List the prime factors of p.
3, 311
Let o = -995 - -995. Suppose -4*q = -b - 6821, 3*q + 2*b - 4*b - 5112 = o. List the prime factors of q.
2, 853
Suppose -2*p = -k + 8240, 13432 = -3*k - 7*p + 38230. List the prime factors of k.
2, 2063
Let j = -885 + 5042. List the prime factors of j.
4157
Suppose 5*j - 4*k = 23 + 2, 0 = -5*j - 5*k - 20. Let a(q) = -6*q**3 - 4*q**2 + 3*q - 1. Let o be a(j). List the prime factors of (-410)/o - 12/(-16).
2, 13
Let l = 26188 - 14795. What are the prime factors of l?
11393
Suppose 0*l = -40*l + 320. Suppose 6816 = 4*d - 4*f, -5116 = -11*d + l*d - f. What are the prime factors of d?
5, 11, 31
Let n(w) = -2*w + 36. Let m(s) = 13*s + 4. Let b be m(1). Let y be n(b). Suppose 0 = -2*u - 5*a + 64, -u + 0*u - y*a = -31. List the prime factors of u.
3
Let g(n) = -33*n**2 + 8*n - 56. Let u be g(-8). List the prime factors of u/2*(76/(-16) + 4).
3, 31
Let s = -4279 + 9745. What are the prime factors of s?
2, 3, 911
Suppose 75 = 3*r - 18*r. List the prime factors of r/(-2)*-2*4260/(-50).
2, 3, 71
Let v be 4/32*4*8. Suppose v*w - 4*a - 300 = 0, 2*a - 332 = -4*w - 2*a. Suppose -w = -2*p + p. List the prime factors of p.
79
Let s = -235 - -154. Let d = 315 + s. Suppose -l + 6*l + 3*t = d, 3*l = -t + 138. List the prime factors of l.
3, 5
Let k(o) = o**3 - 2*o**2 - 3. Let u be k(7). Let w = 40 + u. List the prime factors of w.
2, 3, 47
Let a(i) = i**3 + 10*i**2 - 10*i - 20. Suppose 3 = -u, 7*t - 6*t + 3*u + 19 = 0. What are the prime factors of a(t)?
2, 5
Suppose 0*f - 5*f = -65. Suppose 5*m = 2*l - 179, 4*l + 4*m - 303 = f. List the prime factors of l.
2, 41
Let s(d) = 165*d**2 + 22*d - 177. List the prime factors of s(12).
3, 7949
Suppose 0 = 2*j + 4 - 8. Suppose -p + 5 - j = 0. Suppose 2*d = 8, -2*w + w + p*d + 52 = 0. What are the prime factors of w?
2
Suppose -3*k + 55302 = -3*r, 2*k - 17877 = 3*r + 18998. What are the prime factors of k?
18427
Let f 